5384.
158
What is the highest common divisor of 5940 and 120?
60
What is the greatest common divisor of 36 and 534537?
9
What is the greatest common factor of 55900 and 165100?
1300
What is the highest common divisor of 27 and 406647?
27
Calculate the highest common divisor of 245286 and 108.
18
Calculate the highest common divisor of 165590 and 30.
10
What is the greatest common divisor of 1789077 and 1401?
1401
What is the greatest common factor of 41464 and 42600?
568
Calculate the greatest common factor of 2259 and 520323.
753
What is the highest common factor of 786 and 3171510?
786
Calculate the highest common divisor of 173507 and 30566.
899
Calculate the greatest common factor of 125684 and 52.
52
What is the greatest common divisor of 116 and 125686?
58
What is the highest common factor of 44 and 10256?
4
Calculate the greatest common divisor of 5881261 and 1702.
851
What is the highest common factor of 32935 and 245?
35
Calculate the highest common factor of 2 and 1654082.
2
Calculate the highest common divisor of 1026816 and 252.
84
What is the highest common divisor of 721 and 56547?
103
What is the greatest common factor of 16 and 3896?
8
What is the highest common factor of 892 and 5594624?
892
Calculate the highest common divisor of 10 and 165470.
10
What is the highest common divisor of 4644721 and 1406?
703
Calculate the greatest common factor of 140 and 192528.
28
What is the highest common divisor of 1732160 and 70?
10
What is the highest common divisor of 84 and 13587?
21
What is the highest common factor of 92 and 49611?
23
What is the greatest common factor of 268957 and 34?
17
What is the highest common factor of 21906 and 441?
9
Calculate the highest common divisor of 410 and 37910.
10
What is the greatest common divisor of 12 and 223140?
12
What is the highest common divisor of 14 and 166558?
14
Calculate the greatest common factor of 3656 and 48.
8
Calculate the highest common factor of 9520 and 2485.
35
Calculate the highest common divisor of 303810 and 820.
410
Calculate the highest common divisor of 4420 and 15436.
68
What is the highest common factor of 228 and 64920?
12
Calculate the greatest common factor of 446199 and 8619.
663
What is the greatest common divisor of 498795 and 165?
165
What is the highest common factor of 324 and 18756?
36
What is the highest common factor of 1775 and 2911?
71
What is the highest common factor of 561 and 10560?
33
Calculate the greatest common divisor of 2249916 and 204.
204
Calculate the greatest common divisor of 70 and 64918.
14
Calculate the highest common divisor of 1256 and 57462.
314
What is the highest common factor of 129 and 12237?
3
What is the greatest common factor of 86 and 185545?
43
What is the highest common factor of 12261 and 335?
67
What is the greatest common factor of 809 and 512097?
809
What is the greatest common factor of 248144 and 624?
208
Calculate the greatest common divisor of 21 and 4107.
3
What is the highest common factor of 7618 and 11134?
586
What is the greatest common divisor of 210 and 2473590?
210
Calculate the greatest common factor of 175 and 10185.
35
Calculate the highest common divisor of 911992 and 29.
29
Calculate the greatest common divisor of 27315 and 7891.
607
What is the greatest common factor of 85668 and 6372?
708
What is the greatest common factor of 1050 and 1338050?
350
What is the highest common divisor of 489 and 122413?
163
Calculate the greatest common divisor of 155610 and 175.
35
What is the greatest common factor of 432 and 6183?
27
What is the greatest common divisor of 1003935 and 310?
155
What is the greatest common divisor of 82908 and 108?
36
What is the highest common factor of 22650 and 1050?
150
Calculate the highest common factor of 39 and 46017.
3
What is the highest common divisor of 1376935 and 70?
35
Calculate the greatest common factor of 731 and 74089.
43
What is the highest common factor of 4444 and 2684?
44
What is the highest common factor of 8283 and 44929?
251
What is the greatest common divisor of 344 and 6040?
8
Calculate the greatest common factor of 8088 and 84.
12
What is the greatest common divisor of 882 and 305046?
126
Calculate the highest common factor of 69118 and 896.
14
What is the highest common divisor of 765 and 414545?
85
Calculate the greatest common factor of 616 and 230472.
88
What is the highest common factor of 5267 and 229?
229
Calculate the highest common divisor of 11392 and 1472.
64
What is the greatest common divisor of 47921 and 1384?
173
What is the greatest common divisor of 309 and 141?
3
Calculate the greatest common divisor of 22528 and 608.
32
Calculate the greatest common divisor of 60830 and 140.
70
What is the highest common factor of 32 and 944464?
16
Calculate the greatest common divisor of 51597 and 1458.
81
What is the greatest common divisor of 103805 and 611?
13
What is the greatest common divisor of 803460 and 294?
42
Calculate the greatest common divisor of 17472 and 78936.
312
Calculate the highest common factor of 473508 and 20.
4
What is the highest common factor of 48 and 1062552?
24
What is the highest common divisor of 177 and 624?
3
Calculate the highest common divisor of 1497 and 131237.
499
What is the highest common factor of 240 and 532995?
15
Calculate the highest common divisor of 99 and 2658381.
33
What is the greatest common factor of 33444 and 306?
18
What is the greatest common factor of 3180 and 60?
60
Calculate the greatest common divisor of 14945 and 2623.
61
What is the highest common factor of 1325 and 3090?
5
Calculate the greatest common factor of 50436 and 1323.
27
What is the greatest common factor of 75480 and 13515?
255
Calculate the highest common factor of 805601 and 37.
37
What is the greatest common factor of 95505 and 1095?
15
Calculate the greatest common factor of 72471 and 147.
147
What is the greatest common divisor of 76 and 5442341?
19
Calculate the greatest common factor of 126 and 12327.
21
Calculate the highest common divisor of 1233780 and 40.
20
Calculate the highest common factor of 337937 and 86.
43
What is the highest common divisor of 1209 and 22785?
93
Calculate the greatest common factor of 238 and 8064.
14
What is the greatest common divisor of 113208 and 23532?
636
What is the greatest common factor of 98 and 182?
14
What is the greatest common factor of 532 and 2479918?
266
What is the highest common factor of 641085 and 79?
79
What is the greatest common factor of 1664 and 82316?
52
Calculate the highest common divisor of 25250 and 2222.
202
Calculate the greatest common divisor of 135344 and 33.
11
Calculate the highest common factor of 20 and 776890.
10
Calculate the highest common divisor of 128419 and 106.
53
What is the greatest common factor of 462864 and 120?
24
What is the greatest common divisor of 9350 and 63750?
850
What is the highest common divisor of 9560 and 1220?
20
Calculate the greatest common divisor of 196 and 88151.
49
Calculate the highest common factor of 5350716 and 816.
204
What is the highest common divisor of 12284 and 6808?
148
Calculate the highest common divisor of 29392 and 27984.
176
What is the greatest common divisor of 739732 and 7?
7
What is the greatest common divisor of 252081 and 666?
333
Calculate the greatest common factor of 46 and 1776267.
23
Calculate the highest common factor of 156 and 13566.
6
What is the highest common divisor of 538 and 3487585?
269
What is the greatest common divisor of 227 and 29056?
227
What is the highest common divisor of 811482 and 42?
42
What is the greatest common factor of 27 and 478701?
9
Calculate the greatest common factor of 22154 and 15466.
418
Calculate the highest common factor of 108701 and 71.
71
Calculate the greatest common factor of 1062105 and 15.
15
What is the greatest common factor of 14630 and 29792?
266
What is the highest common divisor of 738 and 176751?
369
Calculate the greatest common divisor of 220457 and 133.
19
What is the highest common factor of 182 and 9932?
26
What is the greatest common factor of 59362 and 22150?
886
What is the greatest common divisor of 1314 and 3798?
18
Calculate the greatest common divisor of 730750 and 250.
250
What is the highest common divisor of 9815 and 418270?
755